est common divisor of 56 and 4400.
8
Calculate the highest common divisor of 184 and 23.
23
What is the greatest common factor of 915 and 122?
61
What is the highest common factor of 100 and 175?
25
What is the highest common divisor of 60 and 450?
30
Calculate the greatest common factor of 3152 and 48.
16
Calculate the greatest common divisor of 22 and 13178.
22
Calculate the greatest common factor of 24 and 132.
12
Calculate the greatest common factor of 12 and 69.
3
What is the greatest common factor of 3337 and 71?
71
Calculate the highest common divisor of 270 and 3510.
270
What is the highest common factor of 38 and 38?
38
What is the highest common divisor of 4 and 10?
2
Calculate the highest common divisor of 28 and 609.
7
What is the highest common factor of 55 and 55?
55
Calculate the greatest common factor of 91 and 1729.
91
Calculate the highest common divisor of 69 and 184.
23
Calculate the highest common divisor of 245 and 2009.
49
What is the greatest common factor of 108 and 45?
9
Calculate the greatest common divisor of 2 and 58.
2
What is the highest common divisor of 25 and 85?
5
Calculate the highest common divisor of 80 and 60.
20
Calculate the highest common divisor of 28 and 686.
14
What is the highest common divisor of 111 and 4033?
37
Calculate the highest common factor of 768 and 24.
24
What is the highest common factor of 11 and 99?
11
Calculate the highest common factor of 4959 and 38.
19
What is the highest common divisor of 320 and 15?
5
Calculate the highest common divisor of 273 and 3759.
21
What is the greatest common divisor of 581 and 1328?
83
What is the highest common factor of 93 and 6?
3
What is the greatest common factor of 246 and 774?
6
What is the greatest common factor of 16663 and 38?
19
Calculate the highest common factor of 54 and 12.
6
Calculate the highest common divisor of 39 and 247.
13
What is the highest common factor of 20124 and 43?
43
Calculate the greatest common divisor of 348 and 12.
12
What is the highest common factor of 48 and 2712?
24
What is the highest common factor of 1672 and 66?
22
Calculate the greatest common divisor of 21 and 124887.
21
Calculate the greatest common factor of 4 and 52.
4
Calculate the greatest common factor of 3498 and 66.
66
Calculate the highest common divisor of 1891 and 31.
31
What is the greatest common factor of 486 and 135?
27
Calculate the greatest common divisor of 273 and 6.
3
What is the greatest common divisor of 21 and 14?
7
What is the highest common divisor of 82 and 4469?
41
Calculate the greatest common divisor of 26 and 377.
13
What is the highest common divisor of 133683 and 33?
33
Calculate the highest common factor of 354 and 2360.
118
What is the highest common factor of 120 and 18?
6
Calculate the greatest common factor of 5068 and 812.
28
What is the greatest common factor of 81 and 963?
9
What is the greatest common factor of 460 and 60?
20
Calculate the highest common factor of 35690 and 86.
86
What is the greatest common factor of 124 and 12059?
31
What is the highest common factor of 1565 and 95?
5
Calculate the highest common factor of 5635 and 230.
115
What is the greatest common factor of 714 and 272?
34
Calculate the highest common divisor of 2346 and 136.
34
Calculate the greatest common factor of 216 and 288.
72
Calculate the highest common factor of 999 and 185.
37
What is the greatest common divisor of 30 and 6?
6
Calculate the greatest common factor of 39298 and 14.
14
What is the highest common factor of 120 and 90?
30
What is the highest common factor of 24 and 132?
12
What is the greatest common divisor of 910 and 25?
5
Calculate the highest common divisor of 11 and 1199.
11
What is the highest common divisor of 19256 and 29?
29
What is the greatest common factor of 91 and 203?
7
What is the highest common divisor of 7104 and 2496?
192
What is the highest common factor of 745 and 5?
5
What is the greatest common divisor of 40 and 96?
8
Calculate the greatest common divisor of 63252 and 504.
252
What is the highest common divisor of 774 and 18?
18
What is the greatest common factor of 8 and 904?
8
Calculate the highest common factor of 9 and 3.
3
Calculate the greatest common divisor of 2056 and 24.
8
Calculate the highest common factor of 881 and 2.
1
What is the highest common factor of 3416 and 61?
61
Calculate the greatest common factor of 1131 and 195.
39
What is the greatest common divisor of 52 and 299?
13
What is the highest common divisor of 1664 and 117?
13
Calculate the highest common divisor of 153 and 102.
51
Calculate the greatest common divisor of 54 and 1206.
18
What is the greatest common divisor of 376 and 90992?
376
What is the highest common divisor of 44 and 253?
11
What is the greatest common divisor of 87 and 9?
3
What is the highest common factor of 270 and 54?
54
Calculate the highest common factor of 4257 and 3483.
387
What is the highest common factor of 184 and 74?
2
Calculate the greatest common divisor of 132 and 60.
12
What is the highest common divisor of 9 and 55359?
9
What is the highest common divisor of 21 and 2037?
21
What is the highest common factor of 1548 and 45?
9
Calculate the greatest common factor of 2816 and 616.
88
Calculate the highest common factor of 182 and 143.
13
Calculate the highest common factor of 153 and 4165.
17
Calculate the greatest common divisor of 34 and 306.
34
What is the greatest common divisor of 676 and 468?
52
What is the greatest common factor of 56 and 112?
56
Calculate the greatest common factor of 154 and 728.
14
Calculate the greatest common divisor of 41 and 112750.
41
What is the highest common factor of 399 and 38?
19
What is the highest common divisor of 736 and 12420?
92
Calculate the greatest common factor of 2108 and 442.
34
What is the greatest common divisor of 640 and 1520?
80
What is the greatest common divisor of 296 and 20?
4
What is the greatest common divisor of 82 and 697?
41
Calculate the highest common factor of 24718 and 34.
34
What is the greatest common factor of 1792 and 32?
32
What is the highest common factor of 1305 and 2697?
87
Calculate the highest common factor of 84 and 84.
84
Calculate the greatest common divisor of 59128 and 152.
152
Calculate the highest common factor of 1295 and 5.
5
Calculate the highest common factor of 26568 and 18.
18
What is the highest common divisor of 10 and 310?
10
Calculate the highest common factor of 286 and 104.
26
What is the greatest common divisor of 198 and 108?
18
Calculate the highest common divisor of 206 and 103.
103
Calculate the greatest common divisor of 17 and 765.
17
Calculate the greatest common divisor of 59 and 4189.
59
What is the highest common factor of 90 and 1530?
90
What is the highest common factor of 3038 and 186?
62
Calculate the highest common factor of 212 and 4134.
106
Calculate the highest common divisor of 1107 and 351.
27
What is the greatest common factor of 31 and 1147?
31
Calculate the greatest common factor of 4680 and 216.
72
What is the greatest common factor of 3206 and 14?
14
Calculate the highest common divisor of 1 and 4.
1
Calculate the highest common divisor of 16 and 1952.
16
Calculate the highest common divisor of 112 and 504.
56
What is the greatest common divisor of 38 and 8189?
19
What is the highest common factor of 1054 and 186?
62
What is the highest common factor of 6 and 32?
2
Calculate the greatest common divisor of 13 and 46709.
13
What is the highest common factor of 54012 and 21?
21
What is the greatest common divisor of 1225 and 5?
5
What is the highest common factor of 2379 and 195?
39
What is the greatest common divisor of 476 and 2?
2
What is the greatest common divisor of 384 and 52?
4
Calculate the greatest common factor of 2330 and 10.
10
Calculate the greatest common divisor of 21972 and 12.
12
What is the highest common divisor of 390 and 90?
30
Calculate the highest common factor of 57 and 1311.
57
Calculate the highest common divisor of 110 and 2794.
22
What is the highest common divisor of 25788 and 112?
28
What is the highest common factor of 170 and 40?
10
What is the highest common factor of 2772 and 3528?
252
Calculate the highest common factor of 34 and 187.
17
What is the highest common factor of 34 and 7